be -5*4*92/(-40). Let h = -16 + 39. Calculate the greatest common factor of h and o.
23
Let n be 8/(-12)*(-18)/(-4). Let i be (-1)/((-10)/3 - n). Suppose l = r + 3*l - 64, -306 = -5*r - i*l. Calculate the greatest common factor of 40 and r.
20
Let o(c) = c**2 - 11*c + 4. Let t be o(12). Suppose 96 = 5*y + 5*d + t, y - 5*d + 14 = 0. Calculate the highest common factor of y and 88.
11
Let a(p) = 9*p + 4. Let b be a(4). What is the greatest common factor of 5 and b?
5
Suppose 10 = f + 7. Calculate the highest common divisor of 6 and f.
3
Let a = 5 - -21. Let m be 3/(2 - -1)*a. Calculate the greatest common factor of 65 and m.
13
Let f be (12 + (-2)/2)*2. Calculate the highest common divisor of f and 55.
11
Let c be ((-14)/21)/((-2)/6). Let v(y) = y**2 + 2 + 4 + 4*y**3 - 7. Let d be v(c). What is the greatest common factor of d and 14?
7
Let r = 35 - 20. Calculate the highest common factor of r and 105.
15
Suppose -k - 3*k + 12 = 0. What is the greatest common divisor of k and 15?
3
Let z(y) = -y + 73 - 69 + 5*y. Suppose 0 = a - 6 + 2. Let g be z(a). What is the highest common divisor of 10 and g?
10
Let j = -118 + 132. What is the highest common divisor of 322 and j?
14
Let j be (-4 - -5)/((-1)/(-24)). What is the highest common factor of 72 and j?
24
Suppose 3*n - 60 = -2*n. Suppose -n = -3*w + 3. Calculate the greatest common divisor of w and 25.
5
Let b = 331 - 191. What is the highest common divisor of 20 and b?
20
Let h be (3 - -3) + -1 - 3. Let x be h/2 + 39/3. Calculate the highest common factor of 35 and x.
7
Let c = 108 - 48. What is the greatest common divisor of 48 and c?
12
Let n(p) = -23*p - 10. Let a be n(-5). What is the highest common divisor of a and 15?
15
Let q = 9 + 7. Suppose -3*g = -q - 14. What is the highest common divisor of 20 and g?
10
Let y be (-265)/(-25) + 6/(-10). Let u be -2 - (0 + 90)*-2. Let b = u - 68. Calculate the highest common divisor of y and b.
10
Let z(d) = d**3 + 4*d**2 + 8*d + 2. Let u be (-9)/2*(-12)/(-9). Let n be z(u). Let x be 6/15 + n/(-5). What is the highest common factor of 6 and x?
6
Suppose -5*u = -u + 8, 0 = -q - 2*u + 104. Let a(p) = 11*p**2 - p. Let b be a(-1). Calculate the highest common divisor of b and q.
12
Suppose 5*a + 10 = 0, y - 5*a = 2 + 8. Suppose 0*j + j = -3, f - 3*j - 42 = y. Calculate the highest common divisor of f and 22.
11
Let w = 3 - -7. Let n be 2/5 - 1392/(-20). Suppose 0 = -0*r + r - n. What is the highest common divisor of r and w?
10
Let q(f) = f**2 - 12*f + 8. Let x = 28 + -16. Let d be q(x). Calculate the greatest common divisor of d and 1.
1
Let d(h) = 2*h**2 - h - 1. Let s be d(2). Suppose -4*m + 16 = b, m + 12 = s*m + 2*b. Calculate the greatest common divisor of 35 and m.
5
Let x(u) = u**2 - 1. Let z be x(3). Let o be (0*(1 + -2))/(-2). Suppose o = -5*k - 25, 0*i = 5*i + 3*k - 225. Calculate the greatest common divisor of i and z.
8
Let w(u) = 8*u - 1. Let y be w(1). Calculate the greatest common factor of 1 and y.
1
Suppose -2*u = 2*u - 112. What is the greatest common factor of u and 70?
14
Let y(a) be the third derivative of -a**6/120 + 2*a**5/15 + a**4/24 - a**3/3 + 2*a**2. Let k be y(8). Calculate the greatest common divisor of 42 and k.
6
Let p = -41 + 57. Suppose -21 = -3*j - 2*j - 4*n, -4*n + p = 0. Let k be 14/2*(1 + j). Calculate the highest common factor of k and 28.
14
Let s be 2/(-4)*50*-1. Let q = 400 + -300. Calculate the greatest common factor of q and s.
25
Suppose 0 = p - 2 + 40. Let v = -23 - p. What is the greatest common factor of v and 45?
15
Suppose -4*o = 4*l - 208 - 208, -2*l = o - 209. What is the highest common divisor of 15 and l?
15
Suppose -167 = -5*r - 17. What is the greatest common factor of r and 12?
6
Suppose 2*a - 3*a - g = -20, -5*a = 3*g - 94. Calculate the greatest common factor of a and 34.
17
Suppose 2*l - 5*i = 63, -i + 13 + 1 = l. Calculate the highest common factor of 209 and l.
19
Let y(o) = -5*o - 7. Let f be y(-5). Calculate the greatest common factor of f and 18.
18
Let x be 1/((-106)/180 + 42/70). Calculate the highest common divisor of 36 and x.
18
Let y = 49 + 47. Suppose u = -3*u + y. What is the highest common divisor of u and 16?
8
Suppose -24*l - 486 = -25*l. Suppose f - 10*f = -l. Let n(t) = 4*t + 7. Let i be n(5). What is the highest common divisor of i and f?
27
Let j = 768 + -482. Let l be -2*(-2)/(-6)*-3*13. What is the greatest common divisor of j and l?
26
Let x be ((-20)/25)/((-2)/(-15)). Let v = x + 21. Calculate the highest common factor of 5 and v.
5
Let h be (1 + -1)/(-2 - 0). Suppose 0 = 5*c - 5*p - 170, 0 = 3*p + 3 - h. Calculate the highest common factor of c and 22.
11
Let n(b) = -b**3 - 17*b**2 - 21*b + 18. Let x be n(-16). What is the highest common divisor of x and 14?
14
Let l = 2 - -3. Let f = 177 + 4. Let j = f - 126. Calculate the highest common divisor of l and j.
5
Suppose -4*p + 27 = 6*l - l, 0 = 5*l + p - 18. Suppose r + 3*r = 12. What is the greatest common divisor of r and l?
3
Suppose -9 = 4*y - 5*t, t = -t + 2. Let a be 1*y + 20/5. Let n be (15 + a)*16/3. Calculate the greatest common factor of 12 and n.
12
Suppose -3*p - 4*d + 3 - 6 = 0, 3*p - d - 12 = 0. Let z = -33 + 51. Calculate the highest common factor of z and p.
3
Let o = -9 + 13. What is the highest common factor of o and 12?
4
Let b be 4/4 + 1 + -2. Suppose -3*m = -6, b*g - 4*g = -3*m - 70. Suppose -2*q + 59 + 55 = 0. What is the highest common divisor of g and q?
19
Let k(f) = -f**3 + 9*f**2 - 9*f + 12. Let o be k(8). What is the greatest common factor of 12 and o?
4
Let s = -96 - -132. What is the greatest common divisor of s and 84?
12
Let y be -1*(3/(-1) + -1). Let k be y/(-16) - 45/(-4). Suppose 0*l = l - 99. What is the highest common factor of k and l?
11
Suppose 5*x = 17 + 193. What is the greatest common divisor of 6 and x?
6
Let h be 352/28 + (-8)/14. Calculate the greatest common factor of h and 36.
12
Let s be (16/6 + -2)*72. Suppose 20 = 4*r + 8. Suppose 2*l - 43 = -r*j, -3*l = -0*l - j - s. Calculate the greatest common divisor of l and 102.
17
Let t(q) = q**3 + 10*q**2 + 6*q + 25. Let k be t(-9). What is the greatest common divisor of 13 and k?
13
Let x(m) = m**3 + 7*m**2 + 5*m - 2. Let q be x(-4). Calculate the highest common factor of 65 and q.
13
Let k be 42/(2*3/3). What is the highest common factor of k and 168?
21
Let f = -2 + 7. Suppose 81 = 4*t - f*b, 0*t + 4*b = -2*t + 8. Calculate the greatest common factor of t and 28.
14
Suppose -96 = -2*s - 2*s. Suppose 72 = 2*p + s. Suppose 5*h - 3*h = 24. What is the highest common divisor of h and p?
12
Let a be 16/10*(14 - -11). Calculate the highest common divisor of 20 and a.
20
Let b = 66 - 18. What is the highest common divisor of 6 and b?
6
Let q be 1/(10/4 - 2). Suppose 593 + q = 5*o. Calculate the highest common divisor of o and 17.
17
Let n(o) = 4*o + 52. Let q be n(-10). What is the highest common factor of q and 108?
12
Let c = 32 + -16. What is the greatest common divisor of c and 128?
16
Let q = 16 - 0. Suppose 2*x = -2*y + q, -5*x - y + 23 = -9. What is the greatest common factor of x and 18?
6
Let g be 1 + -1 + 33 + 1. Calculate the greatest common factor of 51 and g.
17
Let g be 21/(-3) - -4 - -7. What is the greatest common divisor of g and 16?
4
Suppose 0 = -2*f + 1 + 11. Suppose m = -2*h - 3*m + f, 2*h = -3*m + 9. Calculate the highest common factor of h and 36.
9
Suppose o - 12 = 13. Calculate the highest common divisor of o and 225.
25
Let m be (-1)/(-2) + (-3)/6. Let x = 8 - m. Let c = 177 - 121. Calculate the greatest common factor of c and x.
8
Let n = -20 + 32. Suppose -2*w - 24 = -4*f, -2*f - 3*w = w - n. What is the greatest common divisor of f and 30?
6
Let v be ((-3744)/(-80))/(2/5). Calculate the greatest common factor of v and 78.
39
Let f = 3 - 5. Let r be 85/15 - f/6. Suppose 3*l = 6*l - 9. What is the highest common factor of l and r?
3
Let z = 292 + -61. Let i = 47 - 26. Calculate the highest common factor of i and z.
21
Let h be -1 + 4 + 0 - -3. Calculate the highest common divisor of 9 and h.
3
Let n(b) = 0*b**3 + 5*b - 3*b + 0*b + b**3 - 7*b**2 - 8. Let g be n(7). Calculate the greatest common divisor of g and 42.
6
Let w(a) = a**2 + 7*a + 6. Let c be w(-4). Let u = 6 - c. What is the greatest common factor o